ivisor of 2328 and 13793982?
582
Calculate the highest common divisor of 5805 and 2438530.
215
Calculate the greatest common factor of 8076286 and 1702.
74
Calculate the highest common divisor of 134294 and 146429.
809
Calculate the highest common factor of 211691172 and 132.
132
What is the highest common factor of 674195009 and 277?
277
What is the greatest common factor of 27459590 and 340?
170
What is the greatest common divisor of 616 and 5900312?
88
Calculate the highest common factor of 53 and 18472037.
53
What is the highest common factor of 149865 and 175020?
15
Calculate the highest common factor of 46396782 and 162.
18
What is the highest common factor of 6003404 and 748?
44
What is the greatest common factor of 12 and 14774988?
12
What is the highest common factor of 451 and 58269607?
11
Calculate the greatest common divisor of 79018537 and 26.
13
What is the greatest common divisor of 129 and 5061014?
43
Calculate the highest common factor of 10642 and 108596.
34
Calculate the highest common divisor of 2292 and 51381483.
573
Calculate the highest common divisor of 146 and 50745804.
146
What is the highest common factor of 49686 and 218010?
1014
What is the highest common factor of 3108 and 166844433?
777
What is the greatest common factor of 390317 and 27208?
19
Calculate the highest common factor of 200214 and 71883.
441
What is the highest common divisor of 1245 and 2823825?
15
Calculate the highest common divisor of 58871200 and 160.
160
Calculate the greatest common factor of 1509 and 40969350.
1509
What is the greatest common divisor of 21567 and 146094?
39
What is the highest common factor of 16201 and 5627?
17
Calculate the highest common divisor of 9021 and 1430706544.
3007
Calculate the highest common divisor of 2508766 and 4550.
26
Calculate the highest common factor of 23364150 and 19620.
3270
What is the greatest common divisor of 7417295 and 48345?
1465
What is the greatest common factor of 96 and 258108?
12
Calculate the greatest common factor of 275940 and 194715.
45
What is the greatest common factor of 1352 and 6390696?
104
What is the greatest common factor of 108003 and 45843?
777
What is the greatest common divisor of 67 and 1907833911?
67
Calculate the highest common factor of 751888216 and 437.
437
Calculate the highest common divisor of 7796756 and 1911008.
3916
Calculate the greatest common divisor of 1777032 and 30834.
54
What is the greatest common factor of 240570 and 216270?
2430
What is the highest common factor of 709726 and 57014?
1966
What is the greatest common divisor of 31493556 and 652?
652
Calculate the highest common factor of 175507 and 67687.
599
What is the greatest common factor of 1529131 and 39128?
73
What is the greatest common divisor of 20672 and 983824?
272
Calculate the greatest common factor of 1497 and 3063.
3
What is the greatest common divisor of 362363700 and 60?
60
Calculate the greatest common factor of 2530 and 4906.
22
What is the highest common divisor of 10656 and 42619856?
592
What is the greatest common divisor of 1326141 and 675?
9
What is the highest common factor of 376 and 84981076?
188
What is the greatest common factor of 13 and 321657271?
13
Calculate the highest common divisor of 79297 and 4475.
179
What is the greatest common divisor of 143346 and 2338?
14
What is the highest common divisor of 1629240 and 29880?
120
Calculate the highest common divisor of 440 and 100773930.
10
What is the greatest common factor of 105711 and 332163?
501
What is the highest common factor of 720795 and 90625?
145
What is the greatest common divisor of 7831 and 107373133?
191
What is the greatest common factor of 993449 and 1496101?
2371
What is the greatest common divisor of 10221 and 181289877?
10221
Calculate the highest common divisor of 3059528 and 159608.
2248
What is the highest common divisor of 98 and 132441267?
49
Calculate the highest common divisor of 60604416 and 3288.
3288
What is the greatest common divisor of 41651232 and 168?
168
What is the highest common factor of 63 and 135918?
9
Calculate the highest common factor of 256 and 22370368.
64
What is the highest common divisor of 10 and 7830430?
10
What is the highest common divisor of 4274094 and 25358?
62
Calculate the greatest common factor of 168 and 112878024.
168
What is the greatest common factor of 37189135 and 2371?
2371
What is the highest common factor of 73228 and 446?
2
What is the highest common factor of 13726 and 178938999?
6863
Calculate the greatest common divisor of 108 and 6125368.
4
Calculate the greatest common divisor of 19140 and 10776777.
957
What is the highest common factor of 48 and 583770504?
24
Calculate the greatest common divisor of 33291094 and 670.
134
Calculate the greatest common divisor of 76239 and 228846.
129
Calculate the highest common divisor of 47424 and 827944.
1976
Calculate the highest common divisor of 421936 and 400.
16
Calculate the highest common divisor of 38 and 6141156364.
38
Calculate the highest common divisor of 5 and 2031000.
5
Calculate the greatest common factor of 933135 and 63.
21
What is the greatest common divisor of 310 and 56907940?
310
Calculate the highest common factor of 62036 and 130468.
52
What is the greatest common factor of 8621452 and 1470?
98
What is the highest common factor of 83303877 and 219?
219
Calculate the highest common factor of 328 and 8592042.
82
What is the highest common divisor of 299 and 314203?
23
What is the greatest common divisor of 10600 and 25281?
53
Calculate the highest common factor of 194458 and 1782.
22
Calculate the highest common factor of 291578635 and 3970.
1985
Calculate the highest common divisor of 614 and 353862.
2
Calculate the greatest common factor of 1568 and 4089099.
49
What is the greatest common divisor of 284845308 and 7656?
3828
Calculate the highest common divisor of 1427725 and 791200.
575
What is the highest common divisor of 595280 and 13580?
140
What is the greatest common divisor of 14784 and 405251?
77
What is the greatest common factor of 6264660 and 653292?
3156
Calculate the greatest common divisor of 510520 and 16280.
40
What is the highest common factor of 16165913 and 202175?
8087
Calculate the highest common factor of 2125 and 8230175.
25
What is the greatest common factor of 11599131 and 48?
3
Calculate the greatest common divisor of 34 and 41538566.
2
Calculate the greatest common factor of 1169 and 12371527.
1169
What is the highest common divisor of 12400 and 11804400?
400
What is the highest common factor of 292 and 376807604?
292
Calculate the highest common factor of 6 and 11681385.
3
Calculate the greatest common divisor of 24449 and 736.
23
What is the greatest common factor of 4914728 and 27950?
1118
What is the greatest common factor of 54834 and 2552186?
962
What is the greatest common factor of 2000 and 43348000?
2000
What is the greatest common divisor of 100725568 and 48?
16
What is the greatest common factor of 949320 and 3048840?
3240
Calculate the highest common factor of 1285245 and 1485.
45
What is the greatest common factor of 154 and 21845810?
14
Calculate the highest common factor of 5998059 and 193257.
1773
Calculate the highest common factor of 79180800 and 50.
50
Calculate the highest common divisor of 13559 and 17734129.
1043
Calculate the highest common divisor of 711 and 149807937.
237
Calculate the highest common factor of 4499 and 514943.
11
What is the greatest common divisor of 7967640 and 1072?
536
What is the highest common factor of 45 and 6654220?
5
What is the highest common factor of 1 and 1618386?
1
What is the greatest common divisor of 1355949204 and 36?
12
What is the highest common divisor of 1421564 and 2?
2
What is the highest common factor of 85410 and 19548451?
949
Calculate the greatest common divisor of 25088 and 2576672.
224
Calculate the highest common divisor of 247755138 and 18.
6
Calculate the greatest common factor of 17993266 and 1102.
38
Calculate the greatest common divisor of 630 and 328494180.
210
Calculate the highest common divisor of 1880865 and 2160.
45
What is the greatest common divisor of 11177672 and 8?
8
What is the greatest common divisor of 4065190 and 4440?
370
What is the greatest common factor of 33383386